hat is the highest common divisor of 11 and s?
11
Let h be (-16)/48 - (-626)/6. Let r be (-21)/(-10 + 3) + -1*1. Suppose 6 + 17 = s + r*n, 2*s - 2*n - 16 = 0. What is the greatest common divisor of s and h?
13
Suppose 4*p + 10 = -5*l, 4*p = -2*l + l - 18. Suppose -39*w - 15 = -54. What is the greatest common factor of w and l?
1
Let m = -275 + 280. Suppose 0 = -m*w + 239 + 186. Calculate the greatest common divisor of w and 5.
5
Let a(x) = x**3 + 0*x**2 - 2 - 14*x + 3*x**2 + x**2. Let y be a(-6). Suppose 3*f + y = 4*f. Calculate the highest common factor of f and 80.
10
Suppose 3*t - 3*g - 1542 = -138, -462 = -t - g. Let q = t + -231. What is the highest common factor of q and 72?
18
Let h = -3869 + 3921. What is the greatest common factor of h and 184?
4
Let v be (0 - -222) + (0*7/(-28))/1. What is the highest common divisor of 2 and v?
2
Suppose -8 = -2*h - j, -4*h + 5*j = -14 - 16. Let u be (-580)/87*(-39)/h. Calculate the highest common divisor of 884 and u.
52
Let n be (2 + 45 - -1)/((-3)/4). Let v = -65 - n. Let q be (91/(-35))/((1/5)/v). Calculate the highest common divisor of q and 52.
13
Let g(m) = -m + 20. Let o(p) = -21. Let f(u) = 3*g(u) + 2*o(u). Let q be f(0). Let b be 331/9 - 7 - (-2)/9. Calculate the greatest common factor of b and q.
6
Let t be (-9826)/(-4)*-16*6/(-48). Calculate the greatest common divisor of t and 68.
17
Suppose 12 = d + 1. Let b(z) = -17 + 3*z - 4*z**2 + 4*z**2 + 14*z + z**2. Let k be b(6). What is the highest common factor of d and k?
11
Let m(o) = o**3 - 13*o**2 + 5*o - 19. Let q be m(13). Suppose 0 = 4*p - 2 - q. Let i = 32 + 52. What is the greatest common divisor of p and i?
12
Suppose 3*u + 0*u + 2*y - 122 = 0, -230 = -5*u + 2*y. Let b(t) = -t**2 + 14*t - 16. Let x be b(12). What is the highest common divisor of u and x?
4
Let k = -13538 + 14429. Calculate the highest common factor of k and 135.
27
Let i(h) = 2*h**3 + 19*h**2 + 19*h - 7. Let c be i(-7). Calculate the greatest common divisor of c and 2085.
15
Let r be (-2 + -3 + 9)/((-4)/(-219)). What is the highest common factor of 27 and r?
3
Let v be (432/(-63))/((-7)/((-147)/(-6))). Suppose 0 = -3*j - 2*r - r + 1149, -2*j - 5*r + 763 = 0. Calculate the greatest common factor of j and v.
24
Suppose -2*j + 4 = 5*r - 50, -5*j - 40 = -5*r. Let s be (r/(-20))/(-1 - 132/(-136)). Calculate the highest common divisor of 136 and s.
17
Let f = 502 - 256. Suppose y - f = -2*y. Suppose -2*i - 4*r + y = -0*i, 247 = 5*i - 4*r. What is the highest common factor of 423 and i?
47
Suppose -4*o - 212*y + 394 = -210*y, 2*y + 390 = 4*o. Let m(j) = -4*j + 2. Let w be m(-3). Calculate the highest common factor of w and o.
14
Suppose 45*k - 7259 = 661. Let t be -1*(-10 - -2)*1. What is the greatest common divisor of t and k?
8
Let p = -65217 + 65268. Let i = -44 - -129. Calculate the highest common divisor of i and p.
17
Let c be 575*(77 + -75)*18/20. Calculate the highest common factor of c and 135.
45
Let l be ((-1)/(-2))/((-1)/72). Let t be ((-20)/(-8))/((-2)/l). Let p(n) = 2*n - 17. Let f be p(16). Calculate the greatest common divisor of t and f.
15
Let n = -15269 + 15317. What is the highest common divisor of n and 3?
3
Suppose -3*o = -27, 4*d - 71 = -5*o + 154. Let x be 2/4 + 538/4. Calculate the highest common factor of d and x.
45
Let z = 5717 - 5711. Let i(w) = -25*w - 4. Suppose -p = 3*p + 16. Let b be i(p). What is the greatest common factor of b and z?
6
Suppose 0 = 549*d - 6485639 - 1317298. Calculate the highest common divisor of d and 699.
233
Let h be -9 + 21972/156 + (-2)/(-13) - 6. What is the greatest common factor of h and 266?
14
Suppose 1144 - 4685 = -3*x - m, 2*x + 2*m = 2354. Calculate the highest common factor of x and 12.
6
Suppose 2656 = 18*t - 4*t - 8628. What is the greatest common factor of 496 and t?
62
Let m = 1 + 108. Suppose 222 = o - m. Suppose 0 = -d + i + i + o, -25 = -5*i. What is the greatest common divisor of d and 31?
31
Suppose 504 = 2*z - 1188. Let h(q) = 6*q - 18. Let j be h(6). Calculate the greatest common divisor of j and z.
18
Let p be (0 + -2 - -5) + -31. Let x = 47 + p. Let z = -2738 - -2814. Calculate the greatest common factor of x and z.
19
Let p be ((-6)/(-3) + 0)*(-93 - -145). What is the greatest common divisor of p and 2457?
13
Let h be 85 + (0 - 0 - (-64 + 52)). Calculate the greatest common divisor of h and 7857.
97
Suppose 11134 - 1680 = -29*r. Let f be (-41)/(-164) + r/(-8). What is the greatest common factor of f and 328?
41
Let k(u) = u + 6. Suppose x = a + 9, 3*x - 16 = -a + 11. Let f be k(x). Suppose 14*s = f*s - 405. Calculate the greatest common divisor of 45 and s.
45
Let k be -8 + (183 - 8) + 13. Calculate the highest common factor of 660 and k.
60
Let c(a) = 12*a**2 + a. Let h be c(2). Let k = -7 + 7. Suppose w - 10 = -k*w - 2*f, 0 = -3*f. Calculate the greatest common divisor of h and w.
10
Suppose 5*w = 3*c - 24 + 7, -c - 1 = -5*w. Suppose 77 = 5*f + 2*l, -c*l + 4*l = -4*f + 88. Calculate the highest common factor of f and 221.
17
Let a(z) = z**3 + 2*z**2 - 3*z + 13. Let f be a(-3). Suppose 7728 = -d + f*d. Calculate the highest common divisor of 28 and d.
28
Let l(m) = -m**3 + 24*m**2 + 51*m + 38. Let o be l(26). Let n(d) = -d**3 + 11*d**2 + 14*d + 12. Let b be n(o). What is the greatest common divisor of b and 144?
36
Let o be 81/2*(-120)/(-18). Let b(n) = -n**2 - 63*n + 150. Let p be b(-65). What is the highest common divisor of p and o?
10
Suppose 5*l - 3*f - 1105 = 0, 5*l + 4*f - 53 = 1052. Let t = 227 - l. Calculate the highest common factor of 12 and t.
6
Let n = -50 + 94. Let a = -24 - -12. Let w be (-6)/a*66/3. Calculate the highest common factor of w and n.
11
Suppose -2*q = -5*l, 3*q - 2*q = -4*l + 13. Suppose 2*b - 969 = -h, -4*h = l*b - 0*b - 960. What is the greatest common factor of b and 36?
18
Let o(c) = -c**3 + 2*c**2 + 3*c. Let n be o(3). Suppose 2*j + 6 + 46 = n. Let b be (3 + -7)/(2/j). Calculate the greatest common divisor of b and 4.
4
Let m be 6/2 + (-2 - -3) + 1 + 93. Calculate the greatest common divisor of m and 70.
14
Suppose -9*t + 7*t + 42 = 0. Let a = 37 - t. Let j be (-650)/(-39)*24/10. Calculate the highest common divisor of j and a.
8
Let p(q) = -q**2 - 30*q - 86. Let s be p(-26). Let a(o) = -o**2 + 18*o + 8. Let z be a(s). Calculate the highest common divisor of 36 and z.
4
Suppose -12 = -d - 11. Let h be (12/9 + -3)*1*-3. Let k be (155/h)/1*d. What is the highest common divisor of 279 and k?
31
Suppose 3*s - 7542 = 3*u, 326*s = 322*s + u + 10074. Calculate the greatest common divisor of 70 and s.
70
Let b(m) = 4*m**2 - 1. Suppose 26*d = 17*d + 36. Let v be b(d). Calculate the greatest common divisor of v and 14.
7
Suppose -3*v = 5*j - 222, 2*v + 19*j - 14*j = 153. Calculate the highest common divisor of 21 and v.
3
Let z = 38 + -180. Let q be 230 - -8 - (-5 - -11). Let l = q + z. What is the highest common divisor of 10 and l?
10
Suppose -4*c = -185 + 37. Let y = 57 - c. Let p = -8 + y. What is the greatest common divisor of p and 18?
6
Let b be (-5)/(-25) + (-70392)/(-40). Suppose 572 = -33*h + b. Calculate the greatest common divisor of 156 and h.
12
Let r(v) = -2*v - 1. Let p(b) = -13*b + 15. Let j(g) = p(g) - 5*r(g). Let u be j(5). Calculate the greatest common factor of u and 25.
5
Let w(t) = -75*t + 310. Let u be w(4). What is the highest common divisor of u and 1715?
5
Let u(a) = 1646*a**2 - 23*a - 9. Let i be u(-1). What is the highest common divisor of i and 20?
20
Let z(o) = 18 - 2 - 9*o - 9 + 25. Let j be z(3). Suppose -2*b + 35 - j = 0. Calculate the greatest common divisor of b and 105.
15
Let i(p) = -p**3 - 11*p**2 + 6*p + 33. Let h be i(-10). Let c = 60 - h. Calculate the highest common divisor of c and 51.
17
Let d be 4/(-16)*2*2376/(-4). Suppose 80 = 5*o - 4*u - 18, 5*u = 4*o - 82. Let c be 598/o + 6/(-27). What is the highest common factor of d and c?
33
Let w(n) = -2*n**2 + 191*n + 515. Let s be w(98). Calculate the highest common factor of s and 2205.
5
Let n(q) be the second derivative of q**4/6 - 16*q**3/3 - 94*q**2 + 374*q. Let j be n(-6). Let g = 338 + -148. What is the highest common divisor of j and g?
38
Let d = 248 - 84. Let y = 302 - d. What is the greatest common divisor of y and 46?
46
Let d be (-4)/16*-2 - 25/10. Let i be (-3 + 